{"id":12,"date":"2024-02-10T08:58:29","date_gmt":"2024-02-10T07:58:29","guid":{"rendered":"https:\/\/applicationclub.cz\/?page_id=12"},"modified":"2025-03-14T16:01:06","modified_gmt":"2025-03-14T15:01:06","slug":"applicationclub","status":"publish","type":"page","link":"https:\/\/applicationclub.cz\/","title":{"rendered":"applicationclub"},"content":{"rendered":"<div class=\"mcw-fp-wrapper\">\t\t<div data-elementor-type=\"wp-page\" data-elementor-id=\"12\" class=\"elementor elementor-12\" data-elementor-post-type=\"page\">\n\t\t\t\t<div class=\"mcw-fp-section mcw-fp-flex elementor-element elementor-element-12b827b e-con-full e-flex e-con e-parent\" data-anchor=\"applicationclub\" data-tooltip=\"\" data-id=\"12b827b\" data-element_type=\"container\" data-e-type=\"container\" data-settings=\"{&quot;background_background&quot;:&quot;classic&quot;}\">\n\t\t<div class=\"elementor-element elementor-element-6809503 e-flex e-con-boxed e-con e-child\" data-id=\"6809503\" data-element_type=\"container\" data-e-type=\"container\" data-settings=\"{&quot;background_background&quot;:&quot;classic&quot;}\">\n\t\t\t\t\t<div class=\"e-con-inner\">\n\t\t<div class=\"elementor-element elementor-element-fe52390 e-con-full e-flex e-con e-child\" data-id=\"fe52390\" data-element_type=\"container\" data-e-type=\"container\">\n\t\t<div class=\"elementor-element elementor-element-87a0664 e-con-full e-flex e-con e-child\" data-id=\"87a0664\" data-element_type=\"container\" data-e-type=\"container\" data-settings=\"{&quot;background_background&quot;:&quot;classic&quot;}\">\n\t\t\t\t<div class=\"elementor-element elementor-element-9ed2164 elementor-widget elementor-widget-text-editor\" data-id=\"9ed2164\" data-element_type=\"widget\" data-e-type=\"widget\" data-widget_type=\"text-editor.default\">\n\t\t\t\t<div class=\"elementor-widget-container\">\n\t\t\t\t\t\t\t\t\t<p>Co se lze do\u010d\u00edst ve WIKI:<\/p><p>Slovo<strong> aplikace<\/strong> (pou\u017eit\u00ed, uplatn\u011bn\u00ed, p\u0159ilo\u017een\u00ed, p\u0159enesen\u00ed) m\u00e1 n\u011bkolik v\u00fdznam\u016f:<\/p><ul><li><span style=\"color: #0070c0;\"><b>aplikace (obecn\u011b) &#8211; uplatn\u011bn\u00ed vyvinut\u00e9ho produktu, slu\u017eby \u010di v\u00fdrobku v praktick\u00e9m pou\u017eit\u00ed<\/b><\/span><\/li><li>aplikace (l\u00e9ka\u0159stv\u00ed) \u2013 pod\u00e1n\u00ed l\u00e9ku<\/li><li>aplikace (ozdoba) \u2013 l\u00e1tkov\u00e1 \u010di ko\u017een\u00e1 ozdoba na\u0161\u00edvan\u00e1 na jinou l\u00e1tku<\/li><li>aplikace (pr\u00e1vo) \u2013 zp\u016fsob realizace pr\u00e1va, kter\u00fd je upraven zvl\u00e1\u0161tn\u00edmi procesn\u00edmi pravidly<\/li><li><strong><span style=\"color: #0070c0;\">aplika\u010dn\u00ed software \u2013 po\u010d\u00edta\u010dov\u00fd program, kter\u00fd pou\u017e\u00edv\u00e1 u\u017eivatel po\u010d\u00edta\u010de<\/span><\/strong><\/li><\/ul><p>Slovo<strong> club<\/strong> m\u00e1 rovn\u011b\u017e n\u011bkolik v\u00fdznam\u016f:<\/p><ul><li><strong><span style=\"color: #0070c0;\">spolek, sdru\u017een\u00ed pro podporu a organizaci spole\u010densk\u00e9ho styku v oblasti kultury, v\u011bdy, sportu, politiky apod.<\/span><\/strong><\/li><li>sportovn\u00ed klub \u2013 t\u011blov\u00fdchovn\u00fd nebo sportovn\u00ed spolek, sdru\u017een\u00ed, t\u011blov\u00fdchovn\u00e1 jednota<\/li><li>form\u00e1ln\u00ed ozna\u010den\u00ed pro m\u00edsto vhodn\u00e9 pro setk\u00e1v\u00e1n\u00ed lid\u00ed<\/li><li>\u010dten\u00e1\u0159sk\u00fd klub \u2013 n\u011bkdy t\u00e9\u017e mikrokolektiv<\/li><li>bar \u2013 pohostinsk\u00fd podnik<\/li><\/ul>\t\t\t\t\t\t\t\t<\/div>\n\t\t\t\t<\/div>\n\t\t\t\t<\/div>\n\t\t\t\t<\/div>\n\t\t\t\t\t<\/div>\n\t\t\t\t<\/div>\n\t\t\t\t<\/div>\n\t\t<div class=\"mcw-fp-section mcw-fp-flex elementor-element elementor-element-f5eb34c backgroundClass e-con-full e-flex e-con e-parent\" data-anchor=\"o-nas\" data-tooltip=\"\" data-id=\"f5eb34c\" data-element_type=\"container\" data-e-type=\"container\" data-settings=\"{&quot;background_background&quot;:&quot;classic&quot;}\">\n\t\t<div class=\"elementor-element elementor-element-32bf27b e-flex e-con-boxed e-con e-child\" data-id=\"32bf27b\" data-element_type=\"container\" data-e-type=\"container\">\n\t\t\t\t\t<div class=\"e-con-inner\">\n\t\t<div class=\"elementor-element elementor-element-8806ea8 e-con-full e-flex e-con e-child\" data-id=\"8806ea8\" data-element_type=\"container\" data-e-type=\"container\" data-settings=\"{&quot;background_background&quot;:&quot;classic&quot;}\">\n\t\t<div class=\"elementor-element elementor-element-0bfb56f e-flex e-con-boxed e-con e-child\" data-id=\"0bfb56f\" data-element_type=\"container\" data-e-type=\"container\">\n\t\t\t\t\t<div class=\"e-con-inner\">\n\t\t\t\t<div class=\"elementor-element elementor-element-ff69d8f elementor-widget elementor-widget-heading\" data-id=\"ff69d8f\" data-element_type=\"widget\" data-e-type=\"widget\" data-widget_type=\"heading.default\">\n\t\t\t\t<div class=\"elementor-widget-container\">\n\t\t\t\t\t<h1 class=\"elementor-heading-title elementor-size-default\">O n\u00e1s<\/h1>\t\t\t\t<\/div>\n\t\t\t\t<\/div>\n\t\t\t\t\t<\/div>\n\t\t\t\t<\/div>\n\t\t<div class=\"elementor-element elementor-element-199fb76 e-flex e-con-boxed e-con e-child\" data-id=\"199fb76\" data-element_type=\"container\" data-e-type=\"container\" data-settings=\"{&quot;background_background&quot;:&quot;classic&quot;}\">\n\t\t\t\t\t<div class=\"e-con-inner\">\n\t\t\t\t<div class=\"elementor-element elementor-element-e980023 elementor-widget elementor-widget-text-editor\" data-id=\"e980023\" data-element_type=\"widget\" data-e-type=\"widget\" data-widget_type=\"text-editor.default\">\n\t\t\t\t<div class=\"elementor-widget-container\">\n\t\t\t\t\t\t\t\t\t<p>Je jedno, jestli se bav\u00edme o aplikac\u00edch (v na\u0161em p\u0159\u00edpad\u011b obvykle <span style=\"color: #0070c0;\"><strong>Microsoft<\/strong><\/span>) nebo aplikov\u00e1n\u00ed n\u011b\u010deho (obvykle SW aplikac\u00ed, jejich pravidel) do n\u011b\u010deho (obvykle <strong><span style=\"color: #0070c0;\">ICT prost\u0159ed\u00ed<\/span><\/strong>).\u00a0<\/p><p>Aplikace n\u00e1s bav\u00ed.\u00a0<\/p><p>Um\u00edme software, od \u00farovn\u011b hypervizoru, p\u0159es opera\u010dn\u00ed syst\u00e9my, aplikace, po cloudov\u00e9 nasazen\u00ed.\u00a0<\/p><p>Rozum\u00edme hardware, od z\u00e1suvky, p\u0159es s\u00edt\u011b, servery a storage, po firewall.\u00a0<\/p><p>Je to \u201cjen\u201d aplikace \u201en\u011b\u010deho\u201c, do \u201en\u011b\u010deho\u201c.\u00a0<\/p><p>Uv\u011bdomujeme si dopady <span style=\"color: #0070c0;\"><strong>aplikace<\/strong><\/span> a proto V\u00e1m nab\u00edz\u00edme n\u00e1\u0161 klub \u2013 t\u00fdm specialist\u016f SW, specialist\u016f HW, s v\u00edce ne\u017e 30 letou praxi, aby V\u00e1m pomohli s Va\u0161\u00edm rozhodnut\u00edm, jak\u00e1 aplikace je ta spr\u00e1vn\u00e1 pro Va\u0161e HW a SW prost\u0159ed\u00ed.\u00a0<\/p><p>Nena\u0161li jste, o \u010dem p\u0159em\u00fd\u0161l\u00edte? Zeptejte se.\u00a0<span style=\"text-align: var(--text-align);\">\u00a0<\/span><\/p>\t\t\t\t\t\t\t\t<\/div>\n\t\t\t\t<\/div>\n\t\t\t\t\t<\/div>\n\t\t\t\t<\/div>\n\t\t\t\t<\/div>\n\t\t\t\t\t<\/div>\n\t\t\t\t<\/div>\n\t\t\t\t<\/div>\n\t\t<div class=\"mcw-fp-section mcw-fp-flex elementor-element elementor-element-1bbf331 backgroundClass e-con-full e-flex e-con e-parent\" data-anchor=\"nase-sluzby\" data-tooltip=\"\" data-id=\"1bbf331\" data-element_type=\"container\" data-e-type=\"container\" data-settings=\"{&quot;background_background&quot;:&quot;classic&quot;}\">\n\t\t<div class=\"mcw-fp-slide mcw-fp-flex elementor-element elementor-element-10dc491 e-flex e-con-boxed e-con e-child\" data-id=\"10dc491\" data-element_type=\"container\" data-e-type=\"container\">\n\t\t\t\t\t<div class=\"e-con-inner\">\n\t\t<div class=\"elementor-element elementor-element-3632e47 e-con-full e-flex e-con e-child\" data-id=\"3632e47\" data-element_type=\"container\" data-e-type=\"container\" data-settings=\"{&quot;background_background&quot;:&quot;classic&quot;}\">\n\t\t<div class=\"elementor-element elementor-element-a977991 e-flex e-con-boxed e-con e-child\" data-id=\"a977991\" data-element_type=\"container\" data-e-type=\"container\">\n\t\t\t\t\t<div class=\"e-con-inner\">\n\t\t\t\t<div class=\"elementor-element elementor-element-b6afc65 elementor-widget elementor-widget-heading\" data-id=\"b6afc65\" data-element_type=\"widget\" data-e-type=\"widget\" data-widget_type=\"heading.default\">\n\t\t\t\t<div class=\"elementor-widget-container\">\n\t\t\t\t\t<h1 class=\"elementor-heading-title elementor-size-default\">Na\u0161e slu\u017eby (hw\/sw kompetence)<\/h1>\t\t\t\t<\/div>\n\t\t\t\t<\/div>\n\t\t\t\t\t<\/div>\n\t\t\t\t<\/div>\n\t\t<div class=\"elementor-element elementor-element-4de158a e-flex e-con-boxed e-con e-child\" data-id=\"4de158a\" data-element_type=\"container\" data-e-type=\"container\" data-settings=\"{&quot;background_background&quot;:&quot;classic&quot;}\">\n\t\t\t\t\t<div class=\"e-con-inner\">\n\t\t\t\t<div class=\"elementor-element elementor-element-eed4242 elementor-widget elementor-widget-text-editor\" data-id=\"eed4242\" data-element_type=\"widget\" data-e-type=\"widget\" data-widget_type=\"text-editor.default\">\n\t\t\t\t<div class=\"elementor-widget-container\">\n\t\t\t\t\t\t\t\t\t<ul><li>SW kompetence (licence): <span style=\"color: #0070c0;\"><strong>Spr\u00e1va softwarov\u00fdch aktiv<\/strong><\/span>, <strong><span style=\"color: #0070c0;\">Licen\u010dn\u00ed audity<\/span><\/strong><\/li><li>SW kompetence (syst\u00e9my a aplikace): <span style=\"color: #0070c0;\"><strong>Microsoft<\/strong><\/span>, <span style=\"color: #0070c0;\"><strong>VMware<\/strong><\/span>, <strong><span style=\"color: #0070c0;\">Veeam<\/span><\/strong><\/li><li>HW kompetence (infrastruktura): <span style=\"color: #0070c0;\"><strong>DELL<\/strong><\/span>, <strong><span style=\"color: #0070c0;\">HPE<\/span><\/strong>, <span style=\"color: #0070c0;\"><strong>Fortinet<\/strong><\/span>, <strong><span style=\"color: #0070c0;\">Cisco<\/span><\/strong><\/li><li>HW kompetence (multimedi\u00e1ln\u00ed projekty): <span style=\"color: #0070c0;\"><strong>Microsoft<\/strong><\/span>, <span style=\"color: #0070c0;\"><b>Crestron<\/b><\/span>, <span style=\"color: #0070c0;\"><b>Kaleidascape<\/b><\/span><\/li><\/ul><p>Nena\u0161li jste technologie, kter\u00e9 nyn\u00ed vyu\u017e\u00edv\u00e1te nebo slu\u017eby, kter\u00e9 pot\u0159ebujete? Mo\u017en\u00e1 je zde jen nejmenujeme. Zeptejte se. <span style=\"text-align: var(--text-align);\">\u00a0<\/span><\/p>\t\t\t\t\t\t\t\t<\/div>\n\t\t\t\t<\/div>\n\t\t\t\t\t<\/div>\n\t\t\t\t<\/div>\n\t\t\t\t<\/div>\n\t\t\t\t\t<\/div>\n\t\t\t\t<\/div>\n\t\t\t\t<\/div>\n\t\t<div class=\"mcw-fp-section mcw-fp-flex elementor-element elementor-element-7472582 backgroundClass e-con-full e-flex e-con e-parent\" data-anchor=\"reference\" data-tooltip=\"\" data-id=\"7472582\" data-element_type=\"container\" data-e-type=\"container\" data-settings=\"{&quot;background_background&quot;:&quot;classic&quot;}\">\n\t\t<div class=\"mcw-fp-slide mcw-fp-flex elementor-element elementor-element-256e352 e-flex e-con-boxed e-con e-child\" data-id=\"256e352\" data-element_type=\"container\" data-e-type=\"container\">\n\t\t\t\t\t<div class=\"e-con-inner\">\n\t\t<div class=\"elementor-element elementor-element-be38fbd e-con-full e-flex e-con e-child\" data-id=\"be38fbd\" data-element_type=\"container\" data-e-type=\"container\" data-settings=\"{&quot;background_background&quot;:&quot;classic&quot;}\">\n\t\t<div class=\"elementor-element elementor-element-7932272 e-flex e-con-boxed e-con e-child\" data-id=\"7932272\" data-element_type=\"container\" data-e-type=\"container\">\n\t\t\t\t\t<div class=\"e-con-inner\">\n\t\t\t\t<div class=\"elementor-element elementor-element-3f7c072 elementor-widget elementor-widget-heading\" data-id=\"3f7c072\" data-element_type=\"widget\" data-e-type=\"widget\" data-widget_type=\"heading.default\">\n\t\t\t\t<div class=\"elementor-widget-container\">\n\t\t\t\t\t<h1 class=\"elementor-heading-title elementor-size-default\">Na\u0161e reference<\/h1>\t\t\t\t<\/div>\n\t\t\t\t<\/div>\n\t\t\t\t\t<\/div>\n\t\t\t\t<\/div>\n\t\t<div class=\"elementor-element elementor-element-1edb82d e-flex e-con-boxed e-con e-child\" data-id=\"1edb82d\" data-element_type=\"container\" data-e-type=\"container\" data-settings=\"{&quot;background_background&quot;:&quot;classic&quot;}\">\n\t\t\t\t\t<div class=\"e-con-inner\">\n\t\t\t\t<div class=\"elementor-element elementor-element-aac4641 elementor-widget elementor-widget-text-editor\" data-id=\"aac4641\" data-element_type=\"widget\" data-e-type=\"widget\" data-widget_type=\"text-editor.default\">\n\t\t\t\t<div class=\"elementor-widget-container\">\n\t\t\t\t\t\t\t\t\t<p>V\u00fdznamn\u00ed z\u00e1kaznici ze v\u0161ech oblasti st\u00e1tn\u00ed spr\u00e1vy, v\u00fdznamn\u00fdch v\u00fdrobn\u00edch i utilitn\u00edch spole\u010dnost\u00ed.\u00a0<\/p><p>Zeptejte se.\u00a0<\/p>\t\t\t\t\t\t\t\t<\/div>\n\t\t\t\t<\/div>\n\t\t\t\t\t<\/div>\n\t\t\t\t<\/div>\n\t\t\t\t<\/div>\n\t\t\t\t\t<\/div>\n\t\t\t\t<\/div>\n\t\t\t\t<\/div>\n\t\t<div class=\"mcw-fp-section mcw-fp-flex elementor-element elementor-element-adc99dd backgroundClass e-con-full e-flex e-con e-parent\" data-anchor=\"kontakt\" data-tooltip=\"\" data-id=\"adc99dd\" data-element_type=\"container\" data-e-type=\"container\" data-settings=\"{&quot;background_background&quot;:&quot;classic&quot;}\">\n\t\t<div class=\"elementor-element elementor-element-2c93301 e-flex e-con-boxed e-con e-child\" data-id=\"2c93301\" data-element_type=\"container\" data-e-type=\"container\">\n\t\t\t\t\t<div class=\"e-con-inner\">\n\t\t<div class=\"elementor-element elementor-element-c5b8d68 e-con-full e-flex e-con e-child\" data-id=\"c5b8d68\" data-element_type=\"container\" data-e-type=\"container\" data-settings=\"{&quot;background_background&quot;:&quot;classic&quot;}\">\n\t\t<div class=\"elementor-element elementor-element-7423c73 e-flex e-con-boxed e-con e-child\" data-id=\"7423c73\" data-element_type=\"container\" data-e-type=\"container\">\n\t\t\t\t\t<div class=\"e-con-inner\">\n\t\t\t\t<div class=\"elementor-element elementor-element-6e6387b elementor-widget elementor-widget-heading\" data-id=\"6e6387b\" data-element_type=\"widget\" data-e-type=\"widget\" data-widget_type=\"heading.default\">\n\t\t\t\t<div class=\"elementor-widget-container\">\n\t\t\t\t\t<h1 class=\"elementor-heading-title elementor-size-default\">Kontakt<\/h1>\t\t\t\t<\/div>\n\t\t\t\t<\/div>\n\t\t\t\t\t<\/div>\n\t\t\t\t<\/div>\n\t\t<div class=\"elementor-element elementor-element-9ec8490 e-flex e-con-boxed e-con e-child\" data-id=\"9ec8490\" data-element_type=\"container\" data-e-type=\"container\" data-settings=\"{&quot;background_background&quot;:&quot;classic&quot;}\">\n\t\t\t\t\t<div class=\"e-con-inner\">\n\t\t\t\t<div class=\"elementor-element elementor-element-a68144a elementor-widget elementor-widget-text-editor\" data-id=\"a68144a\" data-element_type=\"widget\" data-e-type=\"widget\" data-widget_type=\"text-editor.default\">\n\t\t\t\t<div class=\"elementor-widget-container\">\n\t\t\t\t\t\t\t\t\t<p class=\"MsoNormal\" style=\"margin-top: 6.0pt;\">APPLICATIONCLUB, s.r.o.<\/p><p class=\"MsoNormal\" style=\"margin-top: 6.0pt;\">I\u010c: 193 18 359<\/p><p class=\"MsoNormal\" style=\"margin-top: 6.0pt;\">Adresa s\u00eddla: Rybn\u00e1 716\/24, 100 00 Praha 1<\/p><p class=\"MsoNormal\" style=\"margin-top: 6.0pt;\">Spisov\u00e1 zna\u010dka: C 384635 veden\u00e1 u M\u011bstsk\u00e9ho soudu v Praze<\/p><p class=\"MsoNormal\" style=\"margin-top: 6.0pt;\">Tel.: +420\u00a0604\u00a0294 284<\/p><p class=\"MsoNormal\" style=\"margin-top: 6.0pt;\">E-mail: <span style=\"text-decoration: underline;\"><span style=\"color: #0070c0;\"><a style=\"color: #0070c0; text-decoration: underline;\" href=\"mailto:info@applicationclub.cz\">info<span lang=\"EN-US\">@<\/span>applicationclub.cz<\/a><\/span><\/span><\/p><p class=\"MsoNormal\" style=\"margin-top: 6.0pt;\">Datov\u00e1 schr\u00e1nka: ngsdmsg<\/p>\t\t\t\t\t\t\t\t<\/div>\n\t\t\t\t<\/div>\n\t\t\t\t\t<\/div>\n\t\t\t\t<\/div>\n\t\t\t\t<\/div>\n\t\t\t\t\t<\/div>\n\t\t\t\t<\/div>\n\t\t\t\t<\/div>\n\t\t\t\t<\/div>\n\t\t<\/div><script type=\"text\/javascript\">(function runFullPage(){(function ready(fn){if (document.attachEvent?document.readyState===\"complete\":document.readyState!==\"loading\"){fn();}else{document.addEventListener(\"DOMContentLoaded\",fn);}})(function(){new fullpage(\".mcw-fp-wrapper\",{licenseKey:\"MX0S6-J6U0H-K740H-NW0JK-CJSLO\",credits:false,sectionSelector:\".mcw-fp-section\",slideSelector:\".mcw-fp-section-slide .mcw-fp-slide\",observer:true,scrollBeyondFullpage:false,navigation:true,navigationPosition:\"right\",showActiveTooltip:false,slidesNavigation:true,slidesNavPosition:\"top\",controlArrows:true,lockAnchors:false,animateAnchor:true,keyboardScrolling:true,recordHistory:true,autoScrolling:true,fitToSection:true,fitToSectionDelay:1000,scrollBar:false,scrollOverflow:true,scrollOverflowMacStyle:true,skipIntermediateItems:false,continuousVertical:false,loopBottom:false,loopTop:false,loopHorizontal:true,scrollingSpeed:1000,css3:true,easingcss3:\"ease\",verticalCentered:true,adjustOnNavChange:true,normalScrollElements:\".elementor-location-popup\",afterRender:function(){document.querySelectorAll(\".fp-overflow > .elementor-background-overlay, .fp-overflow > .elementor-shape, .fp-overflow > .background-video-container\").forEach(function(el){el.parentNode.parentNode.insertBefore(el, el.parentNode.parentNode.firstChild)});},afterLoad:function(origin,destination,direction,trigger){typeof Waypoint !== \"undefined\" && Waypoint.refreshAll();}});window.fullpage_api.wordpress={name:\"elementor\",version:\"2.4.1\"};});})();<\/script>","protected":false},"excerpt":{"rendered":"<p>Co se lze do\u010d\u00edst ve WIKI: Slovo aplikace (pou\u017eit\u00ed, uplatn\u011bn\u00ed, p\u0159ilo\u017een\u00ed, p\u0159enesen\u00ed) m\u00e1 n\u011bkolik v\u00fdznam\u016f: aplikace (obecn\u011b) &#8211; uplatn\u011bn\u00ed vyvinut\u00e9ho produktu, slu\u017eby \u010di v\u00fdrobku v praktick\u00e9m pou\u017eit\u00ed aplikace (l\u00e9ka\u0159stv\u00ed) \u2013 pod\u00e1n\u00ed l\u00e9ku aplikace (ozdoba) \u2013 l\u00e1tkov\u00e1 \u010di ko\u017een\u00e1 ozdoba na\u0161\u00edvan\u00e1 na jinou l\u00e1tku aplikace (pr\u00e1vo) \u2013 zp\u016fsob realizace pr\u00e1va, kter\u00fd je upraven zvl\u00e1\u0161tn\u00edmi procesn\u00edmi pravidly [&hellip;]<\/p>\n","protected":false},"author":2,"featured_media":0,"parent":0,"menu_order":0,"comment_status":"closed","ping_status":"closed","template":"","meta":{"footnotes":""},"class_list":["post-12","page","type-page","status-publish","hentry"],"_links":{"self":[{"href":"https:\/\/applicationclub.cz\/index.php?rest_route=\/wp\/v2\/pages\/12","targetHints":{"allow":["GET"]}}],"collection":[{"href":"https:\/\/applicationclub.cz\/index.php?rest_route=\/wp\/v2\/pages"}],"about":[{"href":"https:\/\/applicationclub.cz\/index.php?rest_route=\/wp\/v2\/types\/page"}],"author":[{"embeddable":true,"href":"https:\/\/applicationclub.cz\/index.php?rest_route=\/wp\/v2\/users\/2"}],"replies":[{"embeddable":true,"href":"https:\/\/applicationclub.cz\/index.php?rest_route=%2Fwp%2Fv2%2Fcomments&post=12"}],"version-history":[{"count":628,"href":"https:\/\/applicationclub.cz\/index.php?rest_route=\/wp\/v2\/pages\/12\/revisions"}],"predecessor-version":[{"id":756,"href":"https:\/\/applicationclub.cz\/index.php?rest_route=\/wp\/v2\/pages\/12\/revisions\/756"}],"wp:attachment":[{"href":"https:\/\/applicationclub.cz\/index.php?rest_route=%2Fwp%2Fv2%2Fmedia&parent=12"}],"curies":[{"name":"wp","href":"https:\/\/api.w.org\/{rel}","templated":true}]}}